31
In base 9, what is -24203 - -10?
-24183
In base 3, what is 100 + -2001011102?
-2001011002
In base 13, what is -3 - 8c7?
-8ca
In base 12, what is 27 - -b5?
120
In base 14, what is 650 - -11b?
76b
In base 14, what is -894a0 + 3?
-8949b
In base 13, what is 7b - 31?
4a
In base 10, what is 56 + -17174?
-17118
In base 16, what is f1d + 7?
f24
In base 3, what is 10112 + -11220?
-1101
In base 4, what is 1 - 1303033102?
-1303033101
In base 12, what is 306074 + -5?
30606b
In base 6, what is -3 + 13520?
13513
In base 12, what is -12730 - 0?
-12730
In base 6, what is -3 + -3225102?
-3225105
In base 6, what is -140253 - 11?
-140304
In base 3, what is -2120222211020 + 10?
-2120222211010
In base 15, what is a9c + -4?
a98
In base 10, what is -5060 - -9?
-5051
In base 11, what is -8 - 6949?
-6956
In base 13, what is 38b - -14?
3a2
In base 15, what is 3 - 1aea6?
-1aea3
In base 12, what is -5 - -6103?
60ba
In base 9, what is -1111727 + 5?
-1111722
In base 9, what is -68861 - 3?
-68864
In base 13, what is -165 + -154?
-2b9
In base 16, what is -9 - ebf8?
-ec01
In base 16, what is -b + -1808?
-1813
In base 15, what is -5 + -1373?
-1378
In base 10, what is 2914 - 14?
2900
In base 7, what is -55 - 126265?
-126353
In base 13, what is 4 + -5577?
-5573
In base 10, what is -21 + 21580?
21559
In base 2, what is -10101001 - -110011100?
11110011
In base 5, what is -4131 + -2101?
-11232
In base 6, what is -512102 + 5?
-512053
In base 12, what is -37 + -16b12?
-16b49
In base 12, what is 7 + 1b60?
1b67
In base 7, what is -12331 - -115?
-12213
In base 11, what is -76334a - -2?
-763348
In base 13, what is -969a4 - 4?
-969a8
In base 16, what is 2 + -7eae2?
-7eae0
In base 4, what is -10 + -12003321?
-12003331
In base 2, what is 1100010010010101 - -11?
1100010010011000
In base 7, what is -24 - 6423?
-6450
In base 8, what is -252 - -247?
-3
In base 12, what is -831a6 - 5?
-831ab
In base 7, what is -334454 - -1?
-334453
In base 10, what is 5139 + -15?
5124
In base 2, what is 100010 + -1011000?
-110110
In base 14, what is d2b + -23?
d08
In base 16, what is -28b - 1?
-28c
In base 7, what is -122 - 1665?
-2120
In base 4, what is -20101101 - 0?
-20101101
In base 9, what is 2 - 57858?
-57856
In base 14, what is -ba1c - -6?
-ba16
In base 8, what is -1 + 236370?
236367
In base 3, what is 10022010 - -2?
10022012
In base 10, what is 285 + -69?
216
In base 13, what is 478 + -120?
358
In base 15, what is -27525 - -3?
-27522
In base 11, what is 449a - 56?
4444
In base 13, what is 5 - 294711?
-294709
In base 13, what is 32c5 + 13?
3308
In base 8, what is 0 - -103374?
103374
In base 11, what is 105a76 - 5?
105a71
In base 9, what is 1 + 23258?
23260
In base 2, what is 1001 + 10011011001001010101?
10011011001001011110
In base 16, what is 817 - a2?
775
In base 2, what is -10011001 - 11010100101?
-11100111110
In base 14, what is 2716c7 - 2?
2716c5
In base 4, what is 213 + -1133303?
-1133030
In base 6, what is -1 - 35000?
-35001
In base 4, what is 21010 + -30?
20320
In base 4, what is 1231 + -10331?
-3100
In base 11, what is 10 + 28329?
28339
In base 6, what is 4 - 103052?
-103044
In base 15, what is 59 + -1640?
-15d6
In base 7, what is -231 - 2541?
-3102
In base 11, what is -42587 + 2?
-42585
In base 8, what is 331454 - 2?
331452
In base 4, what is -3 - -231303020?
231303011
In base 4, what is -1101 + -2120232?
-2121333
In base 5, what is -330322 - 112?
-330434
In base 14, what is 27 - -593?
5ba
In base 14, what is -162183 - -2?
-162181
In base 14, what is -5 + 45c4?
45bd
In base 5, what is -22332 + -14143?
-42030
In base 5, what is 3 + -43243?
-43240
In base 14, what is -17 - 410?
-427
In base 8, what is 35533 + 1?
35534
In base 10, what is 171 + 8377?
8548
In base 2, what is 10101011 + 10010111?
101000010
In base 16, what is 7c519 - 0?
7c519
In base 13, what is -4 - 167844?
-167848
In base 12, what is -4656 + 2?
-4654
In base 15, what is -10b0 + 1d?
-1092
In base 5, what is 1412 - -21?
1433
In base 13, what is 140622 + 8?
14062a
In base 12, what is 4 - 46188b?
-461887
In base 2, what is 1100001001010001 + 10?
1100001001010011
In base 7, what is 5 + 1110244?
1110252
In base 13, what is 1 + 28729?
2872a
In base 2, what is 110 - -111111100010001?
111111100010111
In base 13, what is -202 + -b96?
-1098
In base 13, what is bc08 + 3?
bc0b
In base 13, what is 128572 - 5?
12856a
In base 4, what is -3203302 - -12?
-3203230
In base 12, what is -26 - 5414?
-543a
In base 10, what is -7 - 213285?
-213292
In base 6, what is -25 - 22155?
-22224
In base 15, what is -3 + -12e7c?
-12e80
In base 4, what is 110010 + 11?
110021
In base 2, what is -100100101101 - 1000110?
-100101110011
In base 2, what is -1010111111000001000 + 0?
-1010111111000001000
In base 7, what is -5504 - 11463?
-20300
In base 4, what is -13213132 + 31?
-13213101
In base 16, what is -2b4ba - -a?
-2b4b0
In base 11, what is 8 + 5031?
5039
In base 11, what is -19 + 71a?
701
In base 13, what is 936 + 28b?
bc4
In base 11, what is -10 + -940?
-950
In base 2, what is -1100 - 100110110001001011?
-100110110001010111
In base 14, what is -db + -3a?
-137
In base 9, what is 23 + 45?
68
In base 16, what is -177d2 + 6?
-177cc
In base 10, what is 10 + -1637?
-1627
In base 10, what is -40824 + 2?
-40822
In base 16, what is 8d46c - -1?
8d46d
In base 10, what is -10 + 3943?
3933
In base 11, what is -5 + 2aaa1?
2aa97
In base 8, what is 266171 + -1?
266170
In base 13, what is 521 + -10?
511
In base 5, what is 332301023 - -2?
332301030
In base 6, what is -2340 - -135?
-2201
In base 12, what is -5 - -87336?
87331
In base 15, what is -69e7 + 0?
-69e7
In base 8, what is -2 + 2243?
2241
In base 4, what is 3223102 + 1?
3223103
In base 8, what is 3 + -42546?
-42543
In base 8, what is 541103 - 3?
541100
In base 2, what is 100001110111101010101 - 0?
100001110111101010101
In base 2, what is -11010001100 + 110101?
-11001010111
In base 7, what is 4 + -65414?
-65410
In base 6, what is 1225444 + -2?
1225442
In base 7, what is 340 - 511?
-141
In base 16, what is -15 - 18d?
-1a2
In base 9, what is 173 + -30?
143
In base 5, what is -324 + 2140334?
2140010
In base 10, what is -3 + -1316723?
-1316726
In base 7, what is -1332 + 150?
-1152
In base 12, what is -1 + 4901?
4900
In base 13, what is 21c + 28?
247
In base 13, what is -7c53b - 1?
-7c53c
In base 5, what is -3 + 21303443?
21303440
In base 15, what is 615 - -da?
700
In base 7, what is 3611 - 43?
3535
In base 16, what is -4 - -79a?
796
In base 11, what is 257 + 26?
282
In base 16, what is -258f + -101?
-2690
In base 16, what is 28 + -6cd?
-6a5
In base 9, what is 5 + -136437?
-136432
In base 13, what is 6271 + c?
6280
In base 15, what is 553 - -4c?
5a0
In base 6, what is 4244 + -420?
3424
In base 11, what is 223622 - 3?
22361a
In base 15, what is 2 - -d3d8d?
d3d90
In base 8, what is 322354 - 1?
322353
In base 9, what is 345873 - 6?
345866
In base 2, what is 11011100100100 + -101000?
11011011111100
In base 14, what is -5a - -2a0?
244
In base 6, what is 23 - -3223?
3250
In base 14, what is -4 + -7cb0?
-7cb4
In base 14, what is -3c - -30c0?
3082
In base 16, what is 5c4cc8 - -1?
5c4cc9
In base 3, what is -10 + -20012112121?
-20012112201
In base 15, what is 11a9 - 7?
11a2
In base 15, what is 1753 + -3d?
1715
In base 9, what is -1671 + -28?
-1710
In base 9, what is -18 + 1350?
1331
In base 4, what is -332 + -1131?
-2123
In base 6, what is 51154 - 12?
51142
In base 16, what is 5 - f9d?
-f98
In base 3, what is 20121001010 - -1?
20121001011
In base 7, what is 10040 - 11?
10026
In base 4, what is -2323203 + 110?
-2323033
In base 11, what is 5a51 + 1a?
5a70
In base 7, what is 52 + 135601?
135653
In base 10, what is 448 - -42?
490
In base 13, what is 2 - -7c841?
7c843
In base 12, what is -15 - 155a5?
-155ba
In base 4, what is 30210 + -12?
30132
In base 13, what is 5 + -110125?
-110120
In base 11, what is -289 - -1a4a?
1771
In base 6, what is -32 + 1310?
1234
In base 11, what is -58 - -7a?
22
In base 2, what is 101111001 + -1000000111?
-10001110
In base 8, what is -172036 - -5?
-172031
In base 15, what is 1a04e + -2?
1a04c
In base 11, what is 1030 + 811?
1841
In base 5, what is 101224 + -2?
101222
In base 3, what is -21222000212211 + 12?
-21222000212122
In base 9, what is -254012 - -1?
-254011
In base 9, what is 116 - -4377?
4504
In base 3, 